culate the highest common divisor of m and 22.
2
Let v(l) = -544*l**3 + 3*l**2 + 2*l - 1. Let z be v(-1). Calculate the highest common factor of 34 and z.
34
Suppose 0 = -7*r + 1096 + 5953. Calculate the highest common divisor of r and 19.
19
Let y(k) = 687*k + 0*k**2 + k**2 + 32 - 696*k. Let l be y(8). Calculate the highest common divisor of 24 and l.
24
Suppose -4*l + 172 = -188. Let j be (-8)/18 + (-2641)/(-171). What is the greatest common factor of j and l?
15
Suppose -4*s + 5*n - 12 = 0, 0 = 2*s - 0*n - 5*n + 16. Suppose -5*u = -s*f - 558, -4*u - 3*f = 90 - 518. Calculate the greatest common factor of u and 44.
22
Let o = 5 - -22. Let s be (-15*2/8)/(60/(-288)). Calculate the greatest common divisor of s and o.
9
Let t(p) = 5*p**2. Let l be t(1). Suppose 0 = 191*a + 67*a - 2580. Calculate the highest common factor of a and l.
5
Let h = 11 + 2. Suppose -2*z - h + 69 = 0. Calculate the highest common factor of z and 7.
7
Suppose -74 = -2*v + l, -2*v + 5*l + 82 = 8. Suppose -v = -8*u - 5. Calculate the highest common divisor of u and 12.
4
Suppose w - 81*q + 76*q = 12, -92 = -4*w - 2*q. What is the highest common factor of w and 14?
2
Suppose 4*k = 8*k - 21 - 19. Suppose -3*f = 0, 5*g - 100 = -8*f + 3*f. What is the highest common divisor of g and k?
10
Suppose -54*x = -68*x + 140. Calculate the highest common divisor of 130 and x.
10
Suppose 7*u - 8 = 3*u. Suppose u*s = -2*s + 60. Suppose 0 = -z + 6*z - s, -3*c - z = -18. Calculate the highest common factor of c and 1.
1
Let d(m) = -m**2 + 19*m - 15. Let q be d(6). What is the greatest common factor of q and 9?
9
Suppose 3*y + 3*l - 117 = 0, -2*l + 195 = 11*y - 6*y. Calculate the greatest common factor of y and 130.
13
Let y = -13 - -15. Suppose -6 - 42 = -y*u. Suppose -v - u = -3*v. What is the highest common divisor of 8 and v?
4
Suppose 6*t - t = -4*b + 40, 0 = -4*t - 3*b + 31. Let v = -24 - -40. Calculate the greatest common factor of t and v.
4
Suppose 0 = -r + 4*q + 1155, 10*r = 14*r - 2*q - 4592. What is the highest common factor of 31 and r?
31
Suppose -3*o - o - 3*j - 23 = 0, 19 = -2*o + j. Let q be 66*(o/3 + 3). Calculate the highest common factor of 198 and q.
22
Let g = 13 + -11. Let n be 2044/(-49) - g/7. Let a = -18 - n. Calculate the greatest common factor of 16 and a.
8
Let d = 50 - 32. Let h(t) = -3*t - 3. Let i(y) = -3*y - 3. Let r(c) = -3*h(c) + 2*i(c). Let l be r(2). What is the greatest common divisor of d and l?
9
Suppose g - 4*h = 102, 4*g + 4*h - 260 = 88. Let s(r) = r**3 - 3*r**2 - 3*r + 2. Let n be s(4). Calculate the highest common divisor of n and g.
6
Let x be (1 - 9/(-6))*14. Suppose 0 = -4*l + q + 22, -2*q = 2*l - 0*l - 6. What is the highest common factor of l and x?
5
Let y be (40/70)/(2/7). Suppose y = o - 2, -430 = -w - 4*o. What is the greatest common divisor of 46 and w?
46
Let h be 353 + (6/6 - (-1 - -3)). Let g = 520 - h. What is the greatest common divisor of g and 24?
24
Let g(n) = -5*n**2 - 4 + 8*n - 16*n + 4*n**2. Let w be g(-8). Let p be (4*(w + 0))/(-2). What is the greatest common divisor of p and 32?
8
Let d be -26 + 31 + 0 + -1. Suppose -2*r = -n - 57, -d*n - 15 = -r + 31. Let p be 39/(1 - (1 + -1)). Calculate the greatest common divisor of p and r.
13
Let d(z) = -17*z - 49. Let i be d(-5). Calculate the greatest common divisor of 126 and i.
18
Suppose -2*h - 4 = -14. Let l be 73 - (-5)/(h/2). Suppose 8*m = 4*m + 60. What is the highest common divisor of m and l?
15
Suppose 6 = 8*k - 6*k. Let c be ((-4)/6)/(k/(-108)). Let y = -21 + c. Calculate the greatest common factor of y and 27.
3
Let d(q) = -q**2 - 17*q + 10. Let a be d(-12). Let n = 1 - -1. Suppose -n*c + 18 = -10. What is the highest common factor of a and c?
14
Suppose p + 15 = 609. Let f = 1 + -2. Let k be (p/(f - -4))/1. Calculate the highest common divisor of k and 18.
18
Let g(j) = -4*j - 38. Let z = -71 + 61. Let w be g(z). What is the greatest common factor of w and 14?
2
Suppose 12 + 15 = -3*j. Let p = -7 - j. Suppose 5*i - m + 2*m = 29, p*m = 8. What is the highest common factor of 5 and i?
5
Let u be (-213)/3 - 2/1. Let n = 17 - u. Let m = 31 - 21. What is the greatest common divisor of n and m?
10
Let a be (-2)/(-17) + 1*(-23662)/(-17). What is the greatest common factor of a and 48?
48
Suppose -6604 = -9*g - 268. Calculate the highest common divisor of g and 22.
22
Let w = -447 - -477. What is the greatest common factor of 18 and w?
6
Let r = -200 - -207. Calculate the highest common factor of 133 and r.
7
Let o(c) = c**3 - 10*c**2 + 11*c - 12. Let g be o(9). Let n = -27 - -30. What is the greatest common divisor of n and g?
3
Suppose 7*n + 190 = 1310. Calculate the highest common factor of 10 and n.
10
Suppose 0 = -5*d + 37 + 908. Let x = 37 + -10. Let c = 48 - x. What is the greatest common factor of d and c?
21
Let x be (-97)/9*-3*(5 - 2). Let d = 178 - x. Calculate the greatest common factor of d and 9.
9
Let q = -376 + 395. Calculate the greatest common factor of 608 and q.
19
Let w(m) = 4*m**2 + 14*m + 12. Let z be w(-8). Calculate the highest common divisor of 12 and z.
12
Let n = 26 - 18. Let m = 12 - n. Let a be 12*1*m/4. Calculate the highest common divisor of 12 and a.
12
Suppose 0 = -317*x + 284*x + 2541. Calculate the highest common factor of 84 and x.
7
Suppose -4*p + 40 = 3*m, 40 = 4*p - 0*p - 3*m. Calculate the highest common divisor of p and 90.
10
Suppose 0 = 8*k - 3*k. Let f(j) = j**2 - j + 65. Let g be f(k). Calculate the highest common divisor of g and 13.
13
Let a be (1 - 6) + (165/15 - -85). What is the highest common factor of a and 624?
13
Let k(h) = h**3 - 14*h**2 + h - 4. Suppose 11 = 4*z - 9. Suppose -z*m - 8 + 78 = 0. Let n be k(m). Calculate the highest common divisor of 10 and n.
10
Suppose 0 = 315*j - 308*j - 567. What is the highest common factor of 153 and j?
9
Suppose 8*w - 17 = 7. Let u be (-1)/w + (-1158)/(-18). What is the highest common factor of u and 96?
32
Let b = -42 + 47. Suppose 0 = -4*h - 7*k + 2*k - b, -5*h - k + 20 = 0. Calculate the highest common factor of 55 and h.
5
Let x = -17 - -44. Let d be ((-2)/3)/((-3)/x). Let v(g) = g**3 - 9*g**2 - 5*g - 8. Let y be v(10). What is the highest common factor of d and y?
6
Let a = 31 + -62. Suppose -z + 1 = -2*d, 40*d - 36*d = -4. Let u = z - a. What is the greatest common divisor of 210 and u?
30
Suppose -2*v + 60 = -4*k, k + v + 4*v = -37. Let c be (k/(-17))/(-1 - 0). Let t be (-56)/(-14) + (c - -3). What is the greatest common factor of 18 and t?
6
Let o(w) = 2*w**2 - 6*w - 1. Let m be o(-4). Let k = 61 + -43. Let z be 8/36 - ((-122)/k - -2). Calculate the highest common divisor of m and z.
5
Suppose 5*l = 13 + 12. Let d = l + 1. Suppose -h + d = -8. What is the highest common factor of h and 56?
14
Let b(m) = -m + 12. Let h be b(8). Suppose -3*a = -h*f - 44, a + 5*f - 2 = -0. Calculate the highest common factor of a and 96.
12
Suppose -4*d - t + 324 = 0, 2*d = -6*t + t + 180. Calculate the highest common factor of d and 360.
40
Let y be 0 - (-3*58 - 2). Let k be 2716/126 + (-4)/(-9). Calculate the highest common factor of k and y.
22
Let o(w) = -90*w - 260. Let b be o(-6). Calculate the highest common factor of b and 210.
70
Suppose 4*j - w = 3, 54*w - 50*w = -4*j + 28. Calculate the highest common divisor of 26 and j.
2
Let n(p) = -p**3 + p**2 + 45*p + 30. Let d be n(-6). Let m be (-266)/6 + 4/(-6). Let h = 93 + m. Calculate the highest common factor of d and h.
12
Let f(o) = -o**3 - 2*o**2 + o - 1. Let v be f(-5). Suppose -13*i + 505 = -93. What is the highest common divisor of v and i?
23
Suppose -3*g = -2*y + 44, -79*y + 81*y - 40 = 2*g. What is the highest common factor of 72 and y?
8
Suppose -26 = -2*s + 14. Let b = 115 + s. Let f be -10*2/(-8)*6. What is the greatest common factor of f and b?
15
Let r(h) = 37*h + 369. Let l be r(-9). What is the greatest common factor of l and 1548?
36
Suppose 2 = c - 3. Suppose -w + 20 = c*m, -3*w + 6*w = 0. Calculate the highest common divisor of m and 8.
4
Suppose -3*j + 27 = 3*v, 0*v - 4*j = v - 24. Let m be (-34)/(-4) + (-6)/v. Let r(w) = 4*w - 29. Let o be r(9). What is the greatest common divisor of o and m?
7
Let j = 101 + -60. What is the highest common factor of j and 410?
41
Suppose 2*z - 6 = 3*f - 38, -16 = z - 2*f. Let d b